 - 215435. Calculate f(-32).
405
Let j(u) = -32704*u + 130836. What is j(4)?
20
Let h(a) = -a**3 - 14*a**2 + 1498*a + 10693. Give h(-7).
-136
Let u(i) = -2*i**3 + 23*i**2 + 2*i - 11. Give u(14).
-963
Let t(r) = 3*r**2 - 21*r - 1394. Determine t(-28).
1546
Let d(c) = 3508*c - 133227. Determine d(38).
77
Let d(m) = 624*m - 54287. Determine d(87).
1
Let f(g) = -5*g**2 - 788*g + 11067. Determine f(13).
-22
Let n(l) = -9412*l - 21365248. What is n(-2270)?
-8
Let p(o) = 49393*o + 1037252. What is p(-21)?
-1
Let z(w) = 7*w**2 - 213*w + 1598. Give z(18).
32
Let x(l) = 410*l**2 - 13145*l + 816. Determine x(32).
16
Let x(m) = 3665*m - 7336. Determine x(2).
-6
Let q(o) = 2*o**2 - 13*o - 8117. Calculate q(67).
-10
Let m(o) = -3*o**2 + 49210*o - 147609. Determine m(3).
-6
Let r(p) = 2*p**2 + 737*p - 636109. Determine r(409).
-114
Let k(g) = 9047*g - 280445. Calculate k(31).
12
Let q(x) = 15*x**3 - 4036*x**2 + 287*x - 4796. Give q(269).
46
Let b(c) = -c**3 - 19*c**2 + 134*c - 391. Calculate b(-25).
9
Let n(t) = -167*t**2 - 14*t - 64. Calculate n(1).
-245
Let j(g) = g**3 + 99*g**2 + 55*g + 5912. What is j(-99)?
467
Let l(o) = o**3 - 350*o**2 - 2737*o - 45473. Calculate l(358).
-7
Let d(k) = 1319*k - 3257. Calculate d(0).
-3257
Let o(p) = -2*p**3 - p**2 + 39*p - 192. What is o(-6)?
-30
Let h(v) = 508*v - 4644. Give h(9).
-72
Let d(v) = -1265*v - 11718. Calculate d(-6).
-4128
Let j(v) = 4956*v - 49557. Give j(10).
3
Let f(q) = 8562*q + 2722721. Calculate f(-318).
5
Let o(b) = b**2 - 1242*b - 129893. Calculate o(-97).
-10
Let t(v) = v**2 + 88788*v - 4. Calculate t(0).
-4
Let l(k) = 2*k**2 - 377*k + 10166. Determine l(156).
26
Let i(y) = -y**2 + 237501*y - 1187472. Give i(5).
8
Let k(q) = q**3 - 782*q**2 - 7927*q + 8. Calculate k(-10).
78
Let u(a) = 4*a**3 - 108*a**2 - 239*a - 139. Calculate u(29).
-342
Let r(j) = 97*j**2 + 73425*j - 3031. What is r(-757)?
-3
Let c(q) = -91176*q - 182350. Give c(-2).
2
Let a(z) = -60899*z + 426341. What is a(7)?
48
Let w(y) = -y**3 - 60*y**2 + 198*y + 666. Calculate w(-63).
99
Let p(y) = 1887*y - 2011500. Give p(1066).
42
Let b(c) = 4*c**2 + 635*c + 2535. What is b(-4)?
59
Let h(g) = 354*g**2 - 731*g + 55. Calculate h(2).
9
Let r(z) = -4908*z + 97970. Calculate r(20).
-190
Let a(f) = -3337*f**2 - 16656*f + 5. What is a(-5)?
-140
Let f(a) = -a**2 - 79*a + 23313. Determine f(117).
381
Let h(s) = 74*s**2 - 3170*s - 619. Give h(43).
-103
Let p(z) = 4*z**3 + 13*z**2 + 166*z + 794. Give p(-6).
-598
Let c(u) = -2*u**3 + 270*u**2 - 1299*u - 124. Determine c(130).
6
Let r(y) = 31*y**2 - 446*y + 1463. Determine r(5).
8
Let g(h) = -5*h**2 - 2717*h + 83175. What is g(29)?
177
Let d(q) = q**3 + 76*q**2 + 191*q - 6937. Give d(-72).
47
Let t(m) = -2*m**3 + 224*m**2 - 223*m + 345. What is t(111)?
234
Let r(n) = -n**2 + 45*n + 62726. What is r(274)?
-20
Let o(z) = 6848*z + 40140. Give o(-6).
-948
Let y(w) = -174*w**2 + 1635*w + 12517. What is y(-5)?
-8
Let v(k) = 6812*k - 1777936. Calculate v(261).
-4
Let c(k) = 2*k**3 - 783*k**2 - 60913*k - 461. Give c(458).
-3
Let g(j) = -655*j - 18462. What is g(-31)?
1843
Let q(k) = -12446736*k - 49786936. Determine q(-4).
8
Let z(k) = -9055*k - 45402. Give z(-5).
-127
Let c(i) = 29*i**2 - 541*i - 1128. Calculate c(-2).
70
Let t(i) = -5*i**3 - 222*i**2 + 580*i + 335. Give t(-47).
1792
Let j(f) = 4*f**3 + 101*f**2 - 12*f - 1098. Determine j(-25).
-173
Let c(q) = 66*q**3 + 11*q**2 + 165*q + 154. Determine c(-1).
-66
Let h(i) = 5296709*i + 21186828. Determine h(-4).
-8
Let v(t) = 126*t**3 - 758*t**2 - 24*t + 57. Calculate v(6).
-159
Let m(a) = -3*a**3 + 141*a**2 + 149*a + 9. What is m(-1)?
4
Let q(s) = -s**2 - 83908*s + 5. Calculate q(0).
5
Let m(n) = 1608*n + 4677. Give m(-3).
-147
Let m(q) = q**3 + 20*q**2 - 1028*q - 107. Determine m(-43).
1570
Let m(y) = 2*y**3 - 279*y**2 + 819*y - 18330. Give m(137).
28
Let p(c) = c**3 + 12*c**2 - 16*c + 319. What is p(-18)?
-1337
Let s(o) = -o**3 - 223*o**2 + 452*o + 459. Calculate s(-225).
9
Let n(m) = -8*m**2 - 933*m + 482. Calculate n(-117).
131
Let j(c) = -24118*c - 24116. What is j(-1)?
2
Let q(b) = -b**3 - 14*b**2 + 55*b + 336. Give q(-16).
-32
Let i(n) = 37114*n - 3711397. What is i(100)?
3
Let s(d) = d**3 - 28*d**2 - 19587*d + 48770. What is s(-128)?
2
Let a(b) = -b**3 - 64*b**2 - 111*b + 18. Give a(-62).
-788
Let u(f) = -51193*f - 2201286. Give u(-43).
13
Let w(l) = -8*l**2 + 225*l + 13868. Give w(58).
6
Let x(t) = -3*t**2 - 4936*t + 94859. What is x(19)?
-8
Let w(p) = -2*p**2 - 353*p - 2571. What is w(-167)?
602
Let w(l) = 164*l + 90556. Calculate w(-554).
-300
Let q(a) = -66*a**3 - 18*a**2 - 16*a + 34. Calculate q(1).
-66
Let k(x) = 47*x**3 + 6*x**2 + 1752*x + 1757. What is k(-1)?
-36
Let p(i) = -35*i**2 - 47*i - 601. Give p(-6).
-1579
Let v(w) = -411*w + 72501. Calculate v(177).
-246
Let w(g) = g**3 + 366*g**2 - 1502*g - 7838. Calculate w(-370).
302
Let i(m) = -375880*m + 3382926. Calculate i(9).
6
Let f(s) = 713*s - 764. What is f(-3)?
-2903
Let k(n) = 37*n**2 + 148*n + 376. Determine k(-5).
561
Let h(d) = -211*d - 9433. Calculate h(-45).
62
Let b(n) = 436*n + 95047. What is b(-218)?
-1
Let b(f) = 26*f**2 - 184*f - 128. What is b(8)?
64
Let s(d) = -61346*d - 42942205. Determine s(-700).
-5
Let y(k) = k**3 + 14*k**2 - 553*k + 23. Calculate y(18).
437
Let i(u) = -104*u**3 - 4*u**2 - 85*u - 169. What is i(-2)?
817
Let t(h) = 1258*h + 1690. Calculate t(-2).
-826
Let k(w) = -w**3 - 22*w**2 + 17039*w - 144. What is k(-142)?
-2
Let g(v) = -212*v**2 + 1033*v - 190. Determine g(5).
-325
Let d(f) = -3053*f + 33461. Calculate d(11).
-122
Let a(q) = -q**3 - 57*q**2 + 143*q - 6034. Determine a(-61).
127
Let q(l) = -3*l**2 - 255*l + 1570. Calculate q(-78).
3208
Let x(n) = n**3 + 42*n**2 - 164*n - 7033. What is x(-42)?
-145
Let b(l) = -l**3 - 826*l**2 + 27455*l + 29. Determine b(32).
-3
Let c(z) = -2*z**2 - 27768*z + 194472. What is c(7)?
-2
Let a(l) = -5*l**2 + 2188*l - 39714. Calculate a(19).
53
Let j(i) = 8697*i + 565301. Determine j(-65).
-4
Let s(w) = 1469*w**2 + 49949*w + 101. Give s(-34).
-1
Let g(z) = -253*z + 3469. Determine g(14).
-73
Let c(j) = 4506*j + 49726. Give c(-11).
160
Let i(u) = 2*u**3 + 713*u**2 + 8587*u - 4472. What is i(-344)?
0
Let l(r) = 14*r**2 - 431*r + 3225. Determine l(18).
3
Let f(y) = -5*y**3 + 1452*y**2 - 399*y - 52489. Calculate f(290).
1
Let j(i) = -3543*i + 549244. Determine j(155).
79
Let p(n) = -n**2 - 41*n + 30093. Give p(154).
63
Let x(p) = 6213*p + 248508. Calculate x(-40).
-12
Let v(c) = 37*c - 4856. Determine v(121).
-379
Let a(b) = b**2 + 72*b - 2328. Calculate a(24).
-24
Let b(j) = 629*j**2 + 29556*j - 212. Determine b(-47).
117
Let l(c) = -13010*c**2 - 234177*c + 42. Determine l(-18).
-12
Let d(s) = 8237*s + 32993. Give d(-4).
45
Let g(p) = -9*p**3 + 27*p**2 - 106*p + 326. Give g(3).
8
Let f(k) = -267*k - 18078. Give f(-69).
345
Let r(w) = -1529*w + 5687. What is r(3)?
1100
Let i(u) = u**2 + 1083*u + 65211. Give i(-64).
-5
Let h(g) = 370*g - 47213. Calculate h(128).
147
Let u(z) = -2*z**3 - 41*z**2 - 2*z - 1412. Give u(-23).
1279
Let f(m) = -m**2 - 337*m + 7895. What is f(22)?
-3
Let u(o) = -o**3 - 329*o**2 - 643*o + 3492. Determine u(-327).
-105
Let q(v) = -68*v + 1045. Determine q(21).
-383
Let x(p) = 3*p**3 + 204*p**2 + 176*p - 1682. Determine x(-67).
-7
Let a(n) = 548*n**2 + 2195*n + 37. Give a(-4).
25
Let c(s) = -36212*s + 1701942. Give c(47).
-22
Let l(f) = 39*f**2 + 3084*f - 15365. Calculate l(5).
1030
Let w(x) = 173*x**2 - 2852*x + 2862. Calculate w(1).
183
Let t(l) = -2*l**3 + 11*l**2 - 50*l + 389. Determine t(7).
-108
Let q(g) = 3775*g + 600224. What is q(-159)?
-1
Let j(u) = 22*u**2 - 2617*u - 15669. What is j(-6)?
825
Let r(y) = -2*y**2 - 118*y - 928. Determine r(-46).
268
Let z(c) = 2*c**3 + 446*c**2 + 3111*c + 622. Give z(-7).
13
Let v(u) = -567*u + 69174. Determine v(122).
0
Let m(z) = -537*z + 31049. Calculate m(58).
-97
Let w(k) = -217*k - 376. Calculate w(-4).
492
Let g(u) = -u**3 + 6*u**2 - 22*u + 155. What is g(7)?
-48
Let m(c) = c**3 - 95*c**2 + 764*c + 818. Determine m(86).
-42
Let k(m) = -m**2 - 70*m - 1098. What is k(-45)?
27
Let x(k) = 3*k**3 - 19*k**2 + 530*k - 2392. Calculate x(5).
158
Let u(g) = -779*g + 8298. Determine u(11).
-271
Let o(a) = -59347*a + 59335. Determine o(1).
-12
Let g(b) = 41*b - 